{"id":9833,"date":"2020-12-09T14:51:26","date_gmt":"2020-12-09T17:51:26","guid":{"rendered":"https:\/\/dev.hogardecristo.cl\/sumate\/?page_id=9833"},"modified":"2021-04-13T16:26:02","modified_gmt":"2021-04-13T19:26:02","slug":"vuelve-a-estudiar","status":"publish","type":"page","link":"https:\/\/dev.hogardecristo.cl\/sumate\/vuelve-a-estudiar\/","title":{"rendered":"Vuelve a Estudiar"},"content":{"rendered":"<p>[et_pb_section fb_built=\u00bb1&#8243; _builder_version=\u00bb4.7.4&#8243; _module_preset=\u00bbdefault\u00bb da_disable_devices=\u00bboff|off|off\u00bb da_is_popup=\u00bboff\u00bb da_exit_intent=\u00bboff\u00bb da_has_close=\u00bbon\u00bb da_alt_close=\u00bboff\u00bb da_dark_close=\u00bboff\u00bb da_not_modal=\u00bbon\u00bb da_is_singular=\u00bboff\u00bb da_with_loader=\u00bboff\u00bb da_has_shadow=\u00bbon\u00bb][et_pb_row column_structure=\u00bb2_5,3_5&#8243; use_custom_gutter=\u00bbon\u00bb gutter_width=\u00bb2&#8243; make_equal=\u00bbon\u00bb _builder_version=\u00bb4.7.4&#8243; _module_preset=\u00bbdefault\u00bb][et_pb_column type=\u00bb2_5&#8243; _builder_version=\u00bb4.7.4&#8243; _module_preset=\u00bbdefault\u00bb][et_pb_image src=\u00bbhttps:\/\/hogardecristo.cl\/sumate\/wp-content\/uploads\/2020\/12\/AL7A1301_original-scaled.jpg\u00bb title_text=\u00bbALUMNOS ESCUELA BETANIA\u00bb _builder_version=\u00bb4.7.4&#8243; _module_preset=\u00bbdefault\u00bb][\/et_pb_image][\/et_pb_column][et_pb_column type=\u00bb3_5&#8243; _builder_version=\u00bb4.7.4&#8243; _module_preset=\u00bbdefault\u00bb][et_pb_text _builder_version=\u00bb4.9.3&#8243; _module_preset=\u00bbdefault\u00bb hover_enabled=\u00bb0&#8243; sticky_enabled=\u00bb0&#8243;]<\/p>\n<h3>Quiero Volver a Estudiar<\/h3>\n<p>Si tienes entre 8 y 21 a\u00f1os, no has terminado tu ense\u00f1anza b\u00e1sica o media y has estado 2 a\u00f1os o m\u00e1s sin ir al colegio, te invitamos a contactarnos para ver la posibilidad de volver a estudiar en alguno de nuestros Programas Socioeducativos o Escuelas de reingreso.<\/p>\n<p>[\/et_pb_text][et_pb_divider color=\u00bb#89bd23&#8243; divider_position=\u00bbcenter\u00bb _builder_version=\u00bb4.7.4&#8243; _module_preset=\u00bbdefault\u00bb][\/et_pb_divider][et_pb_text _builder_version=\u00bb4.7.4&#8243; _module_preset=\u00bbdefault\u00bb]<\/p>\n<div class='fluentform ff-default fluentform_wrapper_5 ffs_default_wrap'><form data-form_id=\"5\" id=\"fluentform_5\" class=\"frm-fluent-form fluent_form_5 ff-el-form-top ff_form_instance_5_1 ff-form-loading ff_has_dynamic_smartcode ffs_default\" data-form_instance=\"ff_form_instance_5_1\" method=\"POST\" ><fieldset  style=\"border: none!important;margin: 0!important;padding: 0!important;background-color: transparent!important;box-shadow: none!important;outline: none!important; min-inline-size: 100%;\">\n                    <legend class=\"ff_screen_reader_title\" style=\"display: block; margin: 0!important;padding: 0!important;height: 0!important;text-indent: -999999px;width: 0!important;overflow:hidden;\">Volver a Estudiar<\/legend><input type='hidden' name='__fluent_form_embded_post_id' value='9833' \/><input type=\"hidden\" id=\"_fluentform_5_fluentformnonce\" name=\"_fluentform_5_fluentformnonce\" value=\"918535b3f1\" \/><input type=\"hidden\" name=\"_wp_http_referer\" value=\"\/sumate\/wp-json\/wp\/v2\/pages\/9833\" \/><div class='ff-el-group  ff-custom_html' tabindex='-1' data-name=\"custom_html-5_1\" ><h3>D\u00e9janos un mensaje, llena tus datos.<\/h3><\/div><div data-name=\"ff_cn_id_1\"  class='ff-t-container ff-column-container ff_columns_total_3  '><div class='ff-t-cell ff-t-column-1' style='flex-basis: 34%;'><div class='ff-el-group ff-el-form-hide_label'><div class='ff-el-input--content'><input type=\"text\" name=\"nombre\" class=\"ff-el-form-control\" placeholder=\"\u00bfC\u00f3mo te llamas?\" data-name=\"nombre\" id=\"ff_5_nombre\"  aria-invalid=\"false\" aria-required=true><\/div><\/div><\/div><div class='ff-t-cell ff-t-column-2' style='flex-basis: 34%;'><div class='ff-el-group ff-el-form-hide_label'><div class='ff-el-input--content'><input type=\"number\" name=\"edad\" id=\"ff_5_edad\" class=\"ff-el-form-control\" placeholder=\"\u00bfQu\u00e9 edad tienes?\" data-name=\"edad\" inputmode=\"numeric\" step=\"any\"  aria-invalid=\"false\" aria-required=true><\/div><\/div><\/div><div class='ff-t-cell ff-t-column-3' style='flex-basis: 34%;'><div class='ff-el-group ff-el-form-hide_label'><div class='ff-el-input--content'><input type=\"text\" name=\"comuna\" class=\"ff-el-form-control\" placeholder=\"\u00bfD\u00f3nde vives?\" data-name=\"comuna\" id=\"ff_5_comuna\"  aria-invalid=\"false\" aria-required=true><\/div><\/div><\/div><\/div><div data-name=\"ff_cn_id_2\"  class='ff-t-container ff-column-container ff_columns_total_2  '><div class='ff-t-cell ff-t-column-1' style='flex-basis: 50%;'><div class='ff-el-group ff-el-form-hide_label'><div class='ff-el-input--content'><input type=\"text\" name=\"curso_aprobado\" class=\"ff-el-form-control\" placeholder=\"\u00bfcu\u00e1l fue el \u00faltimo curso que aprobaste?\" data-name=\"curso_aprobado\" id=\"ff_5_curso_aprobado\"  aria-invalid=\"false\" aria-required=true><\/div><\/div><\/div><div class='ff-t-cell ff-t-column-2' style='flex-basis: 50%;'><div class='ff-el-group ff-el-form-hide_label'><div class='ff-el-input--content'><input type=\"text\" name=\"telefono\" class=\"ff-el-form-control\" placeholder=\"D\u00e9janos tu celular\" data-name=\"telefono\" id=\"ff_5_telefono\"  aria-invalid=\"false\" aria-required=true><\/div><\/div><\/div><\/div><div class='ff-el-group  ff-custom_html' tabindex='-1' data-name=\"custom_html-5_2\" ><p>Hola! Mi nombre es <span style=\"text-decoration: underline\"><span class=\"ff_dynamic_value\" data-ref=\"nombre\" data-fallback=\"\"><\/span><\/span>, tengo <span style=\"text-decoration: underline\"><span class=\"ff_dynamic_value\" data-ref=\"edad\" data-fallback=\"\"><\/span><\/span> a\u00f1os, vivo en la comuna o ciudad de<span style=\"text-decoration: underline\"> <span class=\"ff_dynamic_value\" data-ref=\"comuna\" data-fallback=\"\"><\/span><\/span> y el \u00faltimo curso que aprob\u00e9 fue <span style=\"text-decoration: underline\"><span class=\"ff_dynamic_value\" data-ref=\"curso_aprobado\" data-fallback=\"\"><\/span><\/span>. Me gustar\u00eda retomar mis estudios en S\u00famate.<\/p>\n<p>Espero puedan contactarme al siguiente celular <span style=\"text-decoration: underline\"><span class=\"ff_dynamic_value\" data-ref=\"telefono\" data-fallback=\"\"><\/span><\/span>.<\/p>\n<p>Muchas gracias!<\/p><\/div><div class='ff-el-group ff-text-right ff_submit_btn_wrapper'><button type=\"submit\" class=\"ff-btn ff-btn-submit ff-btn-lg ff_btn_style wpf_has_custom_css\" >\u00a1Enviar!<\/button><\/div><\/fieldset><\/form><div id='fluentform_5_errors' class='ff-errors-in-stack ff_form_instance_5_1 ff-form-loading_errors ff_form_instance_5_1_errors'><\/div><\/div>            <script type=\"text\/javascript\">\n                window.fluent_form_ff_form_instance_5_1 = {\"id\":\"5\",\"settings\":{\"layout\":{\"labelPlacement\":\"top\",\"helpMessagePlacement\":\"with_label\",\"errorMessagePlacement\":\"inline\",\"asteriskPlacement\":\"asterisk-right\"},\"restrictions\":{\"denyEmptySubmission\":{\"enabled\":false}}},\"form_instance\":\"ff_form_instance_5_1\",\"form_id_selector\":\"fluentform_5\",\"rules\":{\"nombre\":{\"required\":{\"value\":true,\"message\":\"Necesitamos que nos digas tu nombre.\"}},\"edad\":{\"required\":{\"value\":true,\"message\":\"Necesitamos saber tu edad.\"},\"numeric\":{\"value\":true,\"message\":\"This field must contain numeric value\"},\"min\":{\"value\":\"\",\"message\":\"Minimum value is \"},\"max\":{\"value\":\"\",\"message\":\"Maximum value is \"}},\"comuna\":{\"required\":{\"value\":true,\"message\":\"Necesitamos saber d\\u00f3nde vives.\"}},\"curso_aprobado\":{\"required\":{\"value\":true,\"message\":\"Cu\\u00e9ntanos, por favor.\"}},\"telefono\":{\"required\":{\"value\":true,\"message\":\"Escribe tu n\\u00famero, para contactarte.\"}}},\"debounce_time\":300};\n                            <\/script>\n            \n<p>[\/et_pb_text][\/et_pb_column][\/et_pb_row][\/et_pb_section]<\/p>\n","protected":false},"excerpt":{"rendered":"<p>Quiero Volver a Estudiar Si tienes entre 8 y 21 a\u00f1os, no has terminado tu ense\u00f1anza b\u00e1sica o media y has estado 2 a\u00f1os o m\u00e1s sin ir al colegio, te invitamos a contactarnos para ver la posibilidad de volver a estudiar en alguno de nuestros Programas Socioeducativos o Escuelas de reingreso.<div class='fluentform ff-default fluentform_wrapper_5 ffs_default_wrap'><form data-form_id=\"5\" id=\"fluentform_5\" class=\"frm-fluent-form fluent_form_5 ff-el-form-top ff_form_instance_5_2 ff-form-loading ff_has_dynamic_smartcode ffs_default\" data-form_instance=\"ff_form_instance_5_2\" method=\"POST\" ><fieldset  style=\"border: none!important;margin: 0!important;padding: 0!important;background-color: transparent!important;box-shadow: none!important;outline: none!important; min-inline-size: 100%;\">\n                    <legend class=\"ff_screen_reader_title\" style=\"display: block; margin: 0!important;padding: 0!important;height: 0!important;text-indent: -999999px;width: 0!important;overflow:hidden;\">Volver a Estudiar<\/legend><input type='hidden' name='__fluent_form_embded_post_id' value='9833' \/><input type=\"hidden\" id=\"_fluentform_5_fluentformnonce\" name=\"_fluentform_5_fluentformnonce\" value=\"918535b3f1\" \/><input type=\"hidden\" name=\"_wp_http_referer\" value=\"\/sumate\/wp-json\/wp\/v2\/pages\/9833\" \/><div class='ff-el-group  ff-custom_html' tabindex='-1' data-name=\"custom_html-5_1\" ><h3>D\u00e9janos un mensaje, llena tus datos.<\/h3><\/div><div data-name=\"ff_cn_id_1\"  class='ff-t-container ff-column-container ff_columns_total_3  '><div class='ff-t-cell ff-t-column-1' style='flex-basis: 34%;'><div class='ff-el-group ff-el-form-hide_label'><div class='ff-el-input--content'><input type=\"text\" name=\"nombre\" class=\"ff-el-form-control\" placeholder=\"\u00bfC\u00f3mo te llamas?\" data-name=\"nombre\" id=\"ff_5_2_nombre\"  aria-invalid=\"false\" aria-required=true><\/div><\/div><\/div><div class='ff-t-cell ff-t-column-2' style='flex-basis: 34%;'><div class='ff-el-group ff-el-form-hide_label'><div class='ff-el-input--content'><input type=\"number\" name=\"edad\" id=\"ff_5_2_edad\" class=\"ff-el-form-control\" placeholder=\"\u00bfQu\u00e9 edad tienes?\" data-name=\"edad\" inputmode=\"numeric\" step=\"any\"  aria-invalid=\"false\" aria-required=true><\/div><\/div><\/div><div class='ff-t-cell ff-t-column-3' style='flex-basis: 34%;'><div class='ff-el-group ff-el-form-hide_label'><div class='ff-el-input--content'><input type=\"text\" name=\"comuna\" class=\"ff-el-form-control\" placeholder=\"\u00bfD\u00f3nde vives?\" data-name=\"comuna\" id=\"ff_5_2_comuna\"  aria-invalid=\"false\" aria-required=true><\/div><\/div><\/div><\/div><div data-name=\"ff_cn_id_2\"  class='ff-t-container ff-column-container ff_columns_total_2  '><div class='ff-t-cell ff-t-column-1' style='flex-basis: 50%;'><div class='ff-el-group ff-el-form-hide_label'><div class='ff-el-input--content'><input type=\"text\" name=\"curso_aprobado\" class=\"ff-el-form-control\" placeholder=\"\u00bfcu\u00e1l fue el \u00faltimo curso que aprobaste?\" data-name=\"curso_aprobado\" id=\"ff_5_2_curso_aprobado\"  aria-invalid=\"false\" aria-required=true><\/div><\/div><\/div><div class='ff-t-cell ff-t-column-2' style='flex-basis: 50%;'><div class='ff-el-group ff-el-form-hide_label'><div class='ff-el-input--content'><input type=\"text\" name=\"telefono\" class=\"ff-el-form-control\" placeholder=\"D\u00e9janos tu celular\" data-name=\"telefono\" id=\"ff_5_2_telefono\"  aria-invalid=\"false\" aria-required=true><\/div><\/div><\/div><\/div><div class='ff-el-group  ff-custom_html' tabindex='-1' data-name=\"custom_html-5_2\" ><p>Hola! Mi nombre es <span style=\"text-decoration: underline\"><span class=\"ff_dynamic_value\" data-ref=\"nombre\" data-fallback=\"\"><\/span><\/span>, tengo <span style=\"text-decoration: underline\"><span class=\"ff_dynamic_value\" data-ref=\"edad\" data-fallback=\"\"><\/span><\/span> a\u00f1os, vivo en la comuna o ciudad de<span style=\"text-decoration: underline\"> <span class=\"ff_dynamic_value\" data-ref=\"comuna\" data-fallback=\"\"><\/span><\/span> y el \u00faltimo curso que aprob\u00e9 fue <span style=\"text-decoration: underline\"><span class=\"ff_dynamic_value\" data-ref=\"curso_aprobado\" data-fallback=\"\"><\/span><\/span>. Me gustar\u00eda retomar mis estudios en S\u00famate.<\/p>\n<p>Espero puedan contactarme al siguiente celular <span style=\"text-decoration: underline\"><span class=\"ff_dynamic_value\" data-ref=\"telefono\" data-fallback=\"\"><\/span><\/span>.<\/p>\n<p>Muchas gracias!<\/p><\/div><div class='ff-el-group ff-text-right ff_submit_btn_wrapper'><button type=\"submit\" class=\"ff-btn ff-btn-submit ff-btn-lg ff_btn_style wpf_has_custom_css\" >\u00a1Enviar!<\/button><\/div><\/fieldset><\/form><div id='fluentform_5_errors' class='ff-errors-in-stack ff_form_instance_5_2 ff-form-loading_errors ff_form_instance_5_2_errors'><\/div><\/div>            <script type=\"text\/javascript\">\n                window.fluent_form_ff_form_instance_5_2 = {\"id\":\"5\",\"settings\":{\"layout\":{\"labelPlacement\":\"top\",\"helpMessagePlacement\":\"with_label\",\"errorMessagePlacement\":\"inline\",\"asteriskPlacement\":\"asterisk-right\"},\"restrictions\":{\"denyEmptySubmission\":{\"enabled\":false}}},\"form_instance\":\"ff_form_instance_5_2\",\"form_id_selector\":\"fluentform_5\",\"rules\":{\"nombre\":{\"required\":{\"value\":true,\"message\":\"Necesitamos que nos digas tu nombre.\"}},\"edad\":{\"required\":{\"value\":true,\"message\":\"Necesitamos saber tu edad.\"},\"numeric\":{\"value\":true,\"message\":\"This field must contain numeric value\"},\"min\":{\"value\":\"\",\"message\":\"Minimum value is \"},\"max\":{\"value\":\"\",\"message\":\"Maximum value is \"}},\"comuna\":{\"required\":{\"value\":true,\"message\":\"Necesitamos saber d\\u00f3nde vives.\"}},\"curso_aprobado\":{\"required\":{\"value\":true,\"message\":\"Cu\\u00e9ntanos, por favor.\"}},\"telefono\":{\"required\":{\"value\":true,\"message\":\"Escribe tu n\\u00famero, para contactarte.\"}}},\"debounce_time\":300};\n                            <\/script>\n            <\/p>\n","protected":false},"author":1,"featured_media":0,"parent":0,"menu_order":0,"comment_status":"closed","ping_status":"closed","template":"","meta":{"_et_pb_use_builder":"on","_et_pb_old_content":"","_et_gb_content_width":""},"acf":[],"_links":{"self":[{"href":"https:\/\/dev.hogardecristo.cl\/sumate\/wp-json\/wp\/v2\/pages\/9833"}],"collection":[{"href":"https:\/\/dev.hogardecristo.cl\/sumate\/wp-json\/wp\/v2\/pages"}],"about":[{"href":"https:\/\/dev.hogardecristo.cl\/sumate\/wp-json\/wp\/v2\/types\/page"}],"author":[{"embeddable":true,"href":"https:\/\/dev.hogardecristo.cl\/sumate\/wp-json\/wp\/v2\/users\/1"}],"replies":[{"embeddable":true,"href":"https:\/\/dev.hogardecristo.cl\/sumate\/wp-json\/wp\/v2\/comments?post=9833"}],"version-history":[{"count":4,"href":"https:\/\/dev.hogardecristo.cl\/sumate\/wp-json\/wp\/v2\/pages\/9833\/revisions"}],"predecessor-version":[{"id":10390,"href":"https:\/\/dev.hogardecristo.cl\/sumate\/wp-json\/wp\/v2\/pages\/9833\/revisions\/10390"}],"wp:attachment":[{"href":"https:\/\/dev.hogardecristo.cl\/sumate\/wp-json\/wp\/v2\/media?parent=9833"}],"curies":[{"name":"wp","href":"https:\/\/api.w.org\/{rel}","templated":true}]}}